b(m).
23
Suppose -4*y + 239 = 59*b - 58*b, -3*y + 744 = 3*b. Calculate the remainder when b is divided by 56.
27
Let p = 16 - -2. Suppose -c + p = 2*c. Suppose 0 = -4*o + 60 - 16. Calculate the remainder when o is divided by c.
5
Suppose 268*d - 273*d + 75 = 0. What is the remainder when 161 is divided by d?
11
Let a = 1761 + -1269. Calculate the remainder when a is divided by 9.
6
Suppose 14*o - 7*o - 35 = 0. Let p(k) = 9*k**2 + 5*k - 11. Calculate the remainder when p(o) is divided by 48.
47
Let q(o) = -o**3 + 8*o**2 - 10*o + 6. Let s be q(4). Let g be (3 + -1)*6/2. Let n = s - g. What is the remainder when n is divided by 13?
11
Let s(k) = k + 24. Let u be s(-20). Suppose -3*q = 2*q - 5*p - 345, 0 = 2*q + u*p - 138. What is the remainder when q is divided by 14?
13
Let v = -4 - -48. Calculate the remainder when v is divided by 104/76*874/92.
5
Suppose 17*b - 71*b = -702. Calculate the remainder when 98 is divided by b.
7
Let y = 25 - 17. Suppose y*t = 7*t. Suppose -5*o + 83 = 3*b - t*o, 125 = 5*b - 5*o. What is the remainder when 76 is divided by b?
24
What is the remainder when 163 is divided by 20 + (104/(-16) + 7)*-10?
13
Suppose -3*j - 4*j = -420. Suppose 0 = -4*h - 2*h + j. What is the remainder when h is divided by 8?
2
Suppose -3*n = 4*r - 13, 3*r - 1 = 2*r. Let o = 283 - 276. What is the remainder when o is divided by n?
1
Suppose -2*b + 325 = -m, 5*m + 181 - 796 = -4*b. Suppose -156 = -4*r + k, -4*k - b = -3*r - 43. Calculate the remainder when r is divided by 21.
18
Let v = -415 + 658. What is the remainder when 732 is divided by v?
3
Let p(z) = -8*z - 35. Calculate the remainder when 117 is divided by p(-7).
12
Let f(k) = 0*k**2 + 3 - 4*k - 10*k**2 - k**3 + k + 13*k. Calculate the remainder when 38 is divided by f(-11).
10
Let y be (-2)/(-1) + (1 - -3). Suppose -y*z = -2*z - 148. What is the remainder when z is divided by 8?
5
What is the remainder when 91 is divided by 95/(-38)*152/(-20)?
15
Let u = 10 - 9. Let l = 3 + u. Suppose 2*t + 20 = l*t. Calculate the remainder when t is divided by 6.
4
Let h = -552 + 943. What is the remainder when h is divided by 22?
17
What is the remainder when (19*3)/((-72)/(-264)) is divided by 62?
23
Let d = 20 + -2. Calculate the remainder when 9 is divided by (-6)/d*(-6 + 0).
1
Let y(w) = w**2 - 14*w - 8. Let d be y(15). Suppose 2*b + 105 = d*b. What is the remainder when 56 is divided by b?
14
Suppose 20*r = 3*r + 3213. What is the remainder when r is divided by 24?
21
Let r = 1708 + -1521. What is the remainder when r is divided by 57?
16
Let b(p) = p + 59. Calculate the remainder when b(-19) is divided by 6.
4
Suppose 13 = 3*b + 4. Calculate the remainder when (-12)/(-8)*40/15 is divided by b.
1
What is the remainder when (30/3)/(2 + 0) is divided by 4?
1
Let t(x) = -2*x**2 + 2 - 7*x**2 + 14*x**2 - 7*x. Let w be t(7). Suppose 2*j - w = -4*j. Calculate the remainder when j is divided by 9.
6
Calculate the remainder when 59 + ((-42)/(-9) - 4)*-3 is divided by 31.
26
Suppose -4*x - 5*n + 33 = -6*n, 0 = 2*x - 5*n - 21. What is the remainder when 63 is divided by x?
7
Suppose -9*j = -2*j - 35. Suppose -10 = j*o - 40. Suppose 0 = -3*s + 2*s + 2. What is the remainder when o is divided by s?
0
Suppose -3*l + 47 = -2*n, 2*n = -4*l + 5*n + 64. Suppose f + l = 17. What is the remainder when 76 is divided by (-2 + f)*78/6?
24
Suppose -5*w = l + 113, l + 72 = -2*w - 32. Let h = -26 - l. Calculate the remainder when h is divided by 15.
12
Suppose 5*l - 2*g - 283 = 0, l = -3*g + 16 + 27. What is the remainder when 60 is divided by l?
5
Let b(o) = -o + 7. Calculate the remainder when (-2 - 0)*-1 - (0 - 24) is divided by b(0).
5
Calculate the remainder when 54 is divided by (8 - 1)/((-13)/(-39)).
12
Suppose -2*n + 3*a = -110, -5*a + 0*a + 127 = 3*n. What is the remainder when 123 is divided by n?
25
Suppose 0 = 13*g - 804 - 15. What is the remainder when g is divided by 22?
19
Let w(y) = 4*y - 22. Let p be w(12). Suppose 0 = -18*q + 16*q + p. What is the remainder when 50 is divided by q?
11
Let m(w) = -w + 2. Let l = -23 - -9. Let d be m(l). Suppose 8 = -q + d. What is the remainder when 14 is divided by q?
6
Suppose -14*h + 6 = -11*h. Suppose -8 = -0*y - y. Calculate the remainder when h*(-3 + 76/8) is divided by y.
5
Let b(h) = h**3 + 17*h**2 - 41*h - 33. Calculate the remainder when b(-19) is divided by 9.
6
What is the remainder when 39 is divided by 4*(3 - 4)*(-22)/4?
17
Let z = -8 + -6. Suppose 2*r + 3*b + 7 = 0, r - 1 - 23 = 4*b. What is the remainder when r/z - 662/(-14) is divided by 25?
22
Let v = 297 + -132. Suppose -5*n = g - 153, -5*n + 2*g + 3*g + v = 0. Calculate the remainder when n is divided by 17.
14
What is the remainder when (-2)/2 + 72 + 112 is divided by 8?
7
Suppose 6*m - 79 = 29. Calculate the remainder when 67 is divided by m.
13
Suppose -4*f + 172 = 2*t, 6*t = t + 3*f + 404. What is the remainder when t is divided by 31?
20
Let o = -848 + 851. What is the remainder when 37 is divided by o?
1
What is the remainder when 5/((-5)/(-6)) - (-16 - 11) is divided by (-11 - 0)/(-1) - 2?
6
Let v(z) = 19*z**2 + z. Suppose 5 - 28 = -b - 5*y, 5*b - 3*y - 171 = 0. Calculate the remainder when b is divided by v(-1).
15
Let w(t) = -t + 3. Calculate the remainder when 76 is divided by w(-10).
11
Suppose -5*a = -a + t - 18, 5*a + 2*t = 24. What is the remainder when 30 is divided by a?
2
Let n(t) = -t**2 + 7*t + 2. Let w be n(6). Let h = w + -6. Suppose p + 4*y - 3*y - 17 = 0, -h*p - 5*y + 43 = 0. What is the remainder when 26 is divided by p?
12
Let c be (-264)/32 + 6/(-8). What is the remainder when (-21)/c + -2 + 11/3 is divided by 3?
1
Let k = -81 - -137. Suppose k = -r + 58. Calculate the remainder when 3 is divided by r.
1
Suppose h = 9*h + 16. Let w(i) = -42*i + 7. Calculate the remainder when w(h) is divided by 24.
19
Let x be (-1 - 0) + (-24)/(-6). Suppose 0 = -3*a - 2*w + 5*w + 192, x*a + 5*w - 176 = 0. What is the remainder when a is divided by 16?
14
Let q = -76 + 133. Calculate the remainder when q is divided by 5.
2
Let y be 28/126 + 2/(-9). Suppose -l + 20 = -y*l. Calculate the remainder when 38 is divided by l.
18
Suppose 0 = -3*t - 3*x + 2412, -2*x - 10 = -0. Calculate the remainder when t is divided by 81.
80
Suppose 0 = -20*d + 572 - 172. Calculate the remainder when 73 is divided by d.
13
Let k(c) = -c**3 + c + 50. Let q = -152 + 170. Calculate the remainder when k(0) is divided by q.
14
Let m(t) = t**3 - 3*t**2 + t - 17. Let i(p) = -2*p**3 + 7*p**2 - 2*p + 33. Let w(f) = 4*i(f) + 7*m(f). What is the remainder when 17 is divided by w(7)?
5
Let z(k) = -4*k**3 + k**2 - 5*k - 3. Let q be z(-3). Suppose 2*f - 2*b = 86, -7*f = -4*f - 4*b - q. Calculate the remainder when f is divided by 476/44 + 2/11.
10
Let w be (-55)/(-22) + (-2)/(-4). Suppose 0*q + q - 19 = 5*f, -3*q - 5*f - w = 0. What is the remainder when (10/(-30))/((-2)/36) is divided by q?
2
Suppose -5*p + 3*f = -678, 5*p - f - 686 = -0*f. What is the remainder when p is divided by 37?
27
Let g(q) be the first derivative of -1/3*q**3 + 13/2*q**2 + 6*q - 3. What is the remainder when g(9) is divided by 15?
12
Let b(j) = -9*j + 8. Let u be b(-8). Suppose 0 = -6*i + 272 - u. Calculate the remainder when i is divided by 17.
15
Suppose 4*r = -3*x - 48, 5*x - 3*r = -5*r - 94. What is the remainder when (228/15)/((-8)/x) is divided by 20?
18
Let u(j) = -2*j**2 + 13*j - 4. Let n be -1 + -2 + 10/(-15)*-12. What is the remainder when 70 is divided by u(n)?
4
Suppose -5*h - 29 = -3*q, 3*q - 2*q + 5*h = 3. Let b be q*2/6*27. Suppose -2*t + b = -0*t. What is the remainder when t is divided by 13?
10
Suppose -5*w = -3*o - 2060, -6*o + o = -5*w + 2060. What is the remainder when w is divided by 18?
16
Suppose -4*k = -2*u - 256, 3*u + 121 = 4*k - 139. Calculate the remainder when k is divided by 10.
2
Suppose -8*z + 6858 = -2*z. Calculate the remainder when z is divided by 88.
87
Let q(g) = -g**2 - 31*g - 220. Calculate the remainder when 49 is divided by q(-17).
13
Suppose -2*x - 216 = -0*x + n, -2*x + 5*n - 216 = 0. What is the remainder when (-2 - x)*(-2)/(-4) is divided by 14?
11
Let t be (-2)/(2*-2 - -3). Let q(x) = 9*x**2 + t*x**2 - 1 - 6*x**2 - x**2. What is the remainder when q(3) is divided by 18?
17
Let h(y) = 141*y + 575. Ca